{"id":103,"date":"2020-12-11T19:18:22","date_gmt":"2020-12-11T18:18:22","guid":{"rendered":"http:\/\/e-norweski.pl\/?page_id=103"},"modified":"2026-01-02T10:18:46","modified_gmt":"2026-01-02T09:18:46","slug":"dlaczego-warto-sie-uczyc-jezyka-norweskiego","status":"publish","type":"page","link":"https:\/\/e-norweski.pl\/","title":{"rendered":"Lekcje online"},"content":{"rendered":"\n<h1 class=\"wp-block-heading has-white-color has-text-color has-link-color wp-elements-329169fd7b36f3b710ec2bb37c562044\"><mark style=\"background-color:rgba(0, 0, 0, 0)\" class=\"has-inline-color has-yellow-color\">Szko\u0142a j\u0119zyka norweskiego online<\/mark><\/h1>\n\n\n\n<div class=\"wp-block-media-text alignwide has-media-on-the-right is-stacked-on-mobile\" style=\"grid-template-columns:auto 35%\"><div class=\"wp-block-media-text__content\">\n<p class=\"has-yellow-color has-text-color has-link-color wp-elements-20817e606c31d0e77548f38e28eb4ce7\"><mark style=\"background-color:rgba(0, 0, 0, 0)\" class=\"has-inline-color has-yellow-color\"><strong>Olga Sajnaj<\/strong> \u2013 jestem wykwalifikowanym lektorem j\u0119zyka norweskiego (<em>Certyfikaty: Bergenstest oraz Norskpr\u00f8ven C1<\/em> \u2013 pa\u0144stwowy egzamin z j\u0119zyka norweskiego na najwy\u017cszym, akademickim poziomie) oraz magistrem prawa UMCS w Lublinie. Od wielu lat fascynuje mnie j\u0119zyk i kultura norweska, a nauka tego j\u0119zyka to dla mnie nie tylko praca ale te\u017c przyjemne hobby.                                        Prywatnie jestem mam\u0105, a wolny czas najch\u0119tniej sp\u0119dzam z rodzin\u0105 oraz podr\u00f3\u017cuj\u0105c motocyklem.<\/mark> Chcia\u0142abym swoj\u0105 pasj\u0105 do j\u0119zyka norweskiego zarazi\u0107 jak najwi\u0119cej os\u00f3b oraz pokaza\u0107, \u017ce nauka mo\u017ce by\u0107 owocna a jednocze\u015bnie \u0142atwa i przyjemna.<\/p>\n<\/div><figure class=\"wp-block-media-text__media\"><img loading=\"lazy\" decoding=\"async\" width=\"1024\" height=\"680\" src=\"https:\/\/e-norweski.pl\/wp-content\/uploads\/2025\/11\/DSC_0017-scaled-e1763727806243-1024x680.jpg\" alt=\"\" class=\"wp-image-329 size-full\" srcset=\"https:\/\/e-norweski.pl\/wp-content\/uploads\/2025\/11\/DSC_0017-scaled-e1763727806243-1024x680.jpg 1024w, https:\/\/e-norweski.pl\/wp-content\/uploads\/2025\/11\/DSC_0017-scaled-e1763727806243-300x199.jpg 300w, https:\/\/e-norweski.pl\/wp-content\/uploads\/2025\/11\/DSC_0017-scaled-e1763727806243-768x510.jpg 768w, https:\/\/e-norweski.pl\/wp-content\/uploads\/2025\/11\/DSC_0017-scaled-e1763727806243-1536x1019.jpg 1536w, https:\/\/e-norweski.pl\/wp-content\/uploads\/2025\/11\/DSC_0017-scaled-e1763727806243-2048x1359.jpg 2048w, https:\/\/e-norweski.pl\/wp-content\/uploads\/2025\/11\/DSC_0017-scaled-e1763727806243-1568x1041.jpg 1568w\" sizes=\"auto, (max-width: 1024px) 100vw, 1024px\" \/><\/figure><\/div>\n\n\n\n<div class=\"wp-block-media-text alignwide is-stacked-on-mobile is-style-default has-white-color has-text-color\" style=\"grid-template-columns:31% auto\"><figure class=\"wp-block-media-text__media\"><img loading=\"lazy\" decoding=\"async\" width=\"1024\" height=\"507\" src=\"https:\/\/e-norweski.pl\/wp-content\/uploads\/2025\/11\/IMG_20250602_165429989_HDR-scaled-e1763728836887-1024x507.jpg\" alt=\"\" class=\"wp-image-330 size-full\" srcset=\"https:\/\/e-norweski.pl\/wp-content\/uploads\/2025\/11\/IMG_20250602_165429989_HDR-scaled-e1763728836887-1024x507.jpg 1024w, https:\/\/e-norweski.pl\/wp-content\/uploads\/2025\/11\/IMG_20250602_165429989_HDR-scaled-e1763728836887-300x148.jpg 300w, https:\/\/e-norweski.pl\/wp-content\/uploads\/2025\/11\/IMG_20250602_165429989_HDR-scaled-e1763728836887-768x380.jpg 768w, https:\/\/e-norweski.pl\/wp-content\/uploads\/2025\/11\/IMG_20250602_165429989_HDR-scaled-e1763728836887-1536x760.jpg 1536w, https:\/\/e-norweski.pl\/wp-content\/uploads\/2025\/11\/IMG_20250602_165429989_HDR-scaled-e1763728836887-1568x776.jpg 1568w, https:\/\/e-norweski.pl\/wp-content\/uploads\/2025\/11\/IMG_20250602_165429989_HDR-scaled-e1763728836887.jpg 1920w\" sizes=\"auto, (max-width: 1024px) 100vw, 1024px\" \/><\/figure><div class=\"wp-block-media-text__content\">\n<p class=\"has-drop-cap has-text-align-left has-large-font-size\"><em>W obecnych czasach standardem staje si\u0119 wymaganie przez pracodawc\u00f3w znajomo\u015bci dw\u00f3ch j\u0119zyk\u00f3w obcych. Sprawnie pos\u0142uguj\u0105c si\u0119 j\u0119zykiem norweskim szybciej znajdziesz lepsz\u0105 prac\u0119      w Norwegii, a mieszkaj\u0105c w Norwegii \u0142atwiej zaaklimatyzujesz si\u0119        w nowym \u015brodowisku.<\/em><\/p>\n<\/div><\/div>\n\n\n\n<h2 class=\"wp-block-heading has-text-align-left has-white-color has-text-color\" id=\"Lekcje-111\"><span style=\"text-decoration: underline;\">Lekcje<\/span><\/h2>\n\n\n\n<ul class=\"wp-block-list\">\n<li>Aby m\u00f3c jak najlepiej dopasowa\u0107 spos\u00f3b i zakres nauki do ka\u017cdej osoby &#8211; lekcje prowadz\u0119 w formie indywidualnej online. Materia\u0142 oraz tempo jego realizacji dostosowany jest do Twoich potrzeb<\/li>\n\n\n\n<li>Elastyczny grafik \u2013 dni, godziny i cz\u0119stotliwo\u015b\u0107 spotka\u0144 razem dopasujemy do Twoich mo\u017cliwo\u015bci czasowych<\/li>\n\n\n\n<li>Zakres nauczania: od poziomu pocz\u0105tkuj\u0105cego do zaawansowanego<\/li>\n\n\n\n<li>Przygotowanie do egzamin\u00f3w Norskpr\u00f8ve<\/li>\n\n\n\n<li>Do lekcji wystarczy mie\u0107 komputer z dost\u0119pem do internetu i zainstalowan\u0105 aplikacj\u0105 <em>Microsoft Teams<\/em><\/li>\n\n\n\n<li>Pierwsza lekcja pr\u00f3bna &#8211; <strong>GRATIS<\/strong><\/li>\n<\/ul>\n\n\n\n<h2 class=\"wp-block-heading has-white-color has-text-color\"><span style=\"text-decoration: underline;\">Cennik<\/span><\/h2>\n\n\n\n<ul class=\"wp-block-list\">\n<li>Lekcje indywidualne, 1 lekcja x 45 min \u2013 <strong>75 z\u0142<\/strong><\/li>\n\n\n\n<li>Pakiet 10 lekcji x 45 min \u2013 <strong>700 z\u0142<\/strong> <\/li>\n\n\n\n<li>Pakiet 20 lekcji x 45 min \u2013 <strong>1300 z\u0142<\/strong><\/li>\n\n\n\n<li>Wystawiam faktury! <\/li>\n<\/ul>\n\n\n\n<h2 class=\"wp-block-heading has-white-color has-text-color\"><span style=\"text-decoration: underline;\">Kontakt<\/span><\/h2>\n\n\n\n<ul class=\"wp-block-list\">\n<li><strong>lekcje@e-norweski.pl<\/strong><\/li>\n\n\n\n<li><em>tel: <\/em><strong>+48 696 261 991<\/strong><\/li>\n\n\n\n<li><a href=\"https:\/\/www.facebook.com\/E-norweski-Szko%C5%82a-j%C4%99zyka-norweskiego-online-106536361362820\" class=\"rank-math-link\">Facebook<\/a><\/li>\n<\/ul>\n\n\n\n<figure class=\"wp-block-image size-large\"><img loading=\"lazy\" decoding=\"async\" width=\"1024\" height=\"789\" src=\"https:\/\/e-norweski.pl\/wp-content\/uploads\/2026\/01\/20220607_163733-1024x789.jpg\" alt=\"\" class=\"wp-image-338\" srcset=\"https:\/\/e-norweski.pl\/wp-content\/uploads\/2026\/01\/20220607_163733-1024x789.jpg 1024w, https:\/\/e-norweski.pl\/wp-content\/uploads\/2026\/01\/20220607_163733-300x231.jpg 300w, https:\/\/e-norweski.pl\/wp-content\/uploads\/2026\/01\/20220607_163733-768x592.jpg 768w, https:\/\/e-norweski.pl\/wp-content\/uploads\/2026\/01\/20220607_163733-1536x1184.jpg 1536w, https:\/\/e-norweski.pl\/wp-content\/uploads\/2026\/01\/20220607_163733-2048x1578.jpg 2048w, https:\/\/e-norweski.pl\/wp-content\/uploads\/2026\/01\/20220607_163733-1568x1208.jpg 1568w\" sizes=\"auto, (max-width: 1024px) 100vw, 1024px\" \/><\/figure>\n","protected":false},"excerpt":{"rendered":"<p>Szko\u0142a j\u0119zyka norweskiego online Olga Sajnaj \u2013 jestem wykwalifikowanym lektorem j\u0119zyka norweskiego (Certyfikaty: Bergenstest oraz Norskpr\u00f8ven C1 \u2013 pa\u0144stwowy egzamin z j\u0119zyka norweskiego na najwy\u017cszym, akademickim poziomie) oraz magistrem prawa UMCS w Lublinie. Od wielu lat fascynuje mnie j\u0119zyk i kultura norweska, a nauka tego j\u0119zyka to dla mnie nie tylko praca ale te\u017c przyjemne&hellip; <a class=\"more-link\" href=\"https:\/\/e-norweski.pl\/\">Czytaj dalej <span class=\"screen-reader-text\">Lekcje online<\/span><\/a><\/p>\n","protected":false},"author":1,"featured_media":0,"parent":0,"menu_order":0,"comment_status":"closed","ping_status":"closed","template":"","meta":{"footnotes":""},"class_list":["post-103","page","type-page","status-publish","hentry","entry"],"_links":{"self":[{"href":"https:\/\/e-norweski.pl\/index.php?rest_route=\/wp\/v2\/pages\/103","targetHints":{"allow":["GET"]}}],"collection":[{"href":"https:\/\/e-norweski.pl\/index.php?rest_route=\/wp\/v2\/pages"}],"about":[{"href":"https:\/\/e-norweski.pl\/index.php?rest_route=\/wp\/v2\/types\/page"}],"author":[{"embeddable":true,"href":"https:\/\/e-norweski.pl\/index.php?rest_route=\/wp\/v2\/users\/1"}],"replies":[{"embeddable":true,"href":"https:\/\/e-norweski.pl\/index.php?rest_route=%2Fwp%2Fv2%2Fcomments&post=103"}],"version-history":[{"count":59,"href":"https:\/\/e-norweski.pl\/index.php?rest_route=\/wp\/v2\/pages\/103\/revisions"}],"predecessor-version":[{"id":339,"href":"https:\/\/e-norweski.pl\/index.php?rest_route=\/wp\/v2\/pages\/103\/revisions\/339"}],"wp:attachment":[{"href":"https:\/\/e-norweski.pl\/index.php?rest_route=%2Fwp%2Fv2%2Fmedia&parent=103"}],"curies":[{"name":"wp","href":"https:\/\/api.w.org\/{rel}","templated":true}]}}